455023 is divided by 25?
23
Calculate the remainder when 19408411 is divided by 2146.
2133
Calculate the remainder when 103107 is divided by 1260.
1047
What is the remainder when 52007 is divided by 51429?
578
What is the remainder when 4821865 is divided by 40?
25
What is the remainder when 1107115 is divided by 604?
587
Calculate the remainder when 224788 is divided by 424.
68
Calculate the remainder when 1135837 is divided by 1982.
151
What is the remainder when 576618 is divided by 288293?
32
What is the remainder when 149882 is divided by 88?
18
What is the remainder when 220164975 is divided by 20?
15
Calculate the remainder when 922772 is divided by 19224.
20
Calculate the remainder when 9839654 is divided by 4919793.
68
What is the remainder when 1066343 is divided by 6464?
6247
What is the remainder when 9467724 is divided by 2905?
329
What is the remainder when 4795807 is divided by 111530?
17
Calculate the remainder when 958910 is divided by 389.
25
What is the remainder when 7320853 is divided by 25?
3
What is the remainder when 34169739 is divided by 28?
23
Calculate the remainder when 1771263 is divided by 1771225.
38
What is the remainder when 10032809 is divided by 182414?
39
What is the remainder when 614473316 is divided by 465?
461
What is the remainder when 26713 is divided by 4470?
4363
What is the remainder when 292065 is divided by 70862?
8617
What is the remainder when 18870774 is divided by 1286?
10
What is the remainder when 1518086 is divided by 2925?
11
What is the remainder when 234666 is divided by 32481?
7299
Calculate the remainder when 871634 is divided by 77.
71
What is the remainder when 284721 is divided by 2353?
8
Calculate the remainder when 4987274 is divided by 415601.
62
What is the remainder when 222349 is divided by 74112?
13
What is the remainder when 44524 is divided by 6209?
1061
What is the remainder when 1110067 is divided by 555027?
13
What is the remainder when 36729870 is divided by 15791?
4
Calculate the remainder when 3301765 is divided by 704.
5
What is the remainder when 65503667 is divided by 8?
3
What is the remainder when 3124066 is divided by 1157?
166
What is the remainder when 1173265 is divided by 586596?
73
Calculate the remainder when 94054 is divided by 2151.
1561
Calculate the remainder when 2279395 is divided by 2279391.
4
What is the remainder when 31175902 is divided by 21471?
10
What is the remainder when 24940375 is divided by 219?
217
What is the remainder when 56917 is divided by 754?
367
Calculate the remainder when 815651 is divided by 42922.
133
What is the remainder when 812049 is divided by 74?
47
Calculate the remainder when 1425476029 is divided by 1826.
1825
Calculate the remainder when 254990 is divided by 124695.
5600
Calculate the remainder when 102360 is divided by 10223.
130
What is the remainder when 332670 is divided by 7557?
162
What is the remainder when 8080128 is divided by 128256?
0
Calculate the remainder when 7004166 is divided by 1593.
1338
Calculate the remainder when 57450936 is divided by 62.
0
Calculate the remainder when 1709468 is divided by 569758.
194
Calculate the remainder when 18326 is divided by 507.
74
What is the remainder when 1375890913 is divided by 1239?
1237
Calculate the remainder when 187154 is divided by 211.
208
What is the remainder when 2845227 is divided by 161?
35
What is the remainder when 76587 is divided by 75?
12
Calculate the remainder when 13567670 is divided by 83.
75
Calculate the remainder when 3921027 is divided by 4586.
4583
What is the remainder when 13597383 is divided by 4532436?
75
Calculate the remainder when 115412894 is divided by 65.
64
What is the remainder when 1105989 is divided by 7629?
7413
Calculate the remainder when 1733416 is divided by 577773.
97
Calculate the remainder when 129897 is divided by 61516.
6865
Calculate the remainder when 40855 is divided by 13607.
34
What is the remainder when 556095 is divided by 12624?
639
What is the remainder when 34886 is divided by 802?
400
What is the remainder when 1300417 is divided by 99960?
937
Calculate the remainder when 368279 is divided by 72.
71
Calculate the remainder when 1641369 is divided by 375.
369
What is the remainder when 17948592 is divided by 705?
702
What is the remainder when 57414634 is divided by 7685?
7684
What is the remainder when 105057 is divided by 1813?
1716
Calculate the remainder when 16742623 is divided by 375.
373
Calculate the remainder when 64634 is divided by 9049.
1291
Calculate the remainder when 355128 is divided by 147.
123
What is the remainder when 5138500 is divided by 6?
4
Calculate the remainder when 2085820 is divided by 299.
295
What is the remainder when 2014723 is divided by 2362?
2299
What is the remainder when 24910 is divided by 1557?
1555
What is the remainder when 3679190 is divided by 11643?
2
What is the remainder when 2192279 is divided by 438361?
474
What is the remainder when 74135 is divided by 1057?
145
What is the remainder when 30150703 is divided by 6030139?
8
What is the remainder when 7497058 is divided by 2406?
2368
What is the remainder when 21537821 is divided by 7?
4
What is the remainder when 631395 is divided by 8199?
72
Calculate the remainder when 26670632 is divided by 148.
144
What is the remainder when 521769 is divided by 109?
95
What is the remainder when 583848 is divided by 20?
8
What is the remainder when 96087 is divided by 121?
13
Calculate the remainder when 35216556 is divided by 169.
167
What is the remainder when 7848648 is divided by 341244?
36
What is the remainder when 72834 is divided by 707?
13
Calculate the remainder when 23365589 is divided by 956.
949
What is the remainder when 45035034 is divided by 188?
10
Calculate the remainder when 1430580 is divided by 49326.
126
Calculate the remainder when 3447519 is divided by 1181.
180
What is the remainder when 53761 is divided by 144?
49
What is the remainder when 15160215 is divided by 804?
795
Calculate the remainder when 16912616 is divided by 1537503.
83
What is the remainder when 3362568 is divided by 31?
29
Calculate the remainder when 599048 is divided by 29.
24
What is the remainder when 1341137 is divided by 20?
17
What is the remainder when 5482477 is divided by 29162?
21
Calculate the remainder when 16223517 is divided by 292.
289
What is the remainder when 1101166 is divided by 6153?
5932
Calculate the remainder when 24549342 is divided by 379.
375
Calculate the remainder when 6861484 is divided by 60.
4
What is the remainder when 1256154 is divided by 314023?
62
What is the remainder when 10928823 is divided by 501?
9
What is the remainder when 40093827 is divided by 37?
35
What is the remainder when 2250310 is divided by 240?
70
Calculate the remainder when 20795 is divided by 1796.
1039
What is the remainder when 5438 is divided by 4886?
552
Calculate the remainder when 120201950 is divided by 64.
30
What is the remainder when 68648824 is divided by 2080267?
13
What is the remainder when 4211459 is divided by 7337?
21
Calculate the remainder when 485569 is divided by 6386.
233
What is the remainder when 390604629 is divided by 3964?
3961
What is the remainder when 133426 is divided by 452?
86
What is the remainder when 13741779 is divided by 429430?
19
What is the remainder when 1320740 is divided by 33018?
20
What is the remainder when 39466950 is divided by 115?
100
Calculate the remainder when 800043 is divided by 1728.
1707
What is the remainder when 92577 is divided by 7?
2
Calculate the remainder when 725641 is divided by 1472.
1417
Calculate the remainder when 11351 is divided by 470.
71
Calculate the remainder when 321348 is divided by 48.
36
Calculate the remainder when 15645493 is divided by 2607581.
7
What is the remainder when 1509213 is divided by 79428?
81
What is the remainder when 311616 is divided by 1857?
1497
What is the remainder when 387849 is divided by 387838?
11
What is the remainder when 131743 is divided by 14390?
2233
What is the remainder when 461582 is divided by 25?
7
Calculate the remainder when 13011854 is divided by 565732.
18
What is the remainder when 12818278 is divided by 10109?
66
What is the remainder when 538807 is divided by 54?
49
What is the remainder w